{"id":1580,"date":"2024-02-27T18:40:43","date_gmt":"2024-02-27T18:40:43","guid":{"rendered":"https:\/\/ventilmanetti.ind.br\/?page_id=1580"},"modified":"2024-02-29T23:47:43","modified_gmt":"2024-02-29T23:47:43","slug":"maquina-de-oring","status":"publish","type":"page","link":"https:\/\/ventilmanetti.ind.br\/index.php\/maquina-de-oring\/","title":{"rendered":"M\u00e1quina de Oring"},"content":{"rendered":"\t\t<div data-elementor-type=\"wp-page\" data-elementor-id=\"1580\" class=\"elementor elementor-1580\">\n\t\t\t\t<div class=\"elementor-element elementor-element-8bed1e1 e-flex e-con-boxed e-con e-parent\" data-id=\"8bed1e1\" data-element_type=\"container\">\n\t\t\t\t\t<div class=\"e-con-inner\">\n\t\t<div class=\"elementor-element elementor-element-d0a3078 e-con-full e-flex e-con e-child\" data-id=\"d0a3078\" data-element_type=\"container\">\n\t\t<div class=\"elementor-element elementor-element-58c08e0 e-con-full e-flex e-con e-child\" data-id=\"58c08e0\" data-element_type=\"container\">\n\t\t\t\t<div class=\"elementor-element elementor-element-470a424 elementor-widget elementor-widget-heading\" data-id=\"470a424\" data-element_type=\"widget\" data-widget_type=\"heading.default\">\n\t\t\t\t<div class=\"elementor-widget-container\">\n\t\t\t<h3 class=\"elementor-heading-title elementor-size-default\">M\u00e1quina de inserir oring na v\u00e1lvula P-13<\/h3>\t\t<\/div>\n\t\t\t\t<\/div>\n\t\t\t\t<div class=\"elementor-element elementor-element-f9ae0d4 elementor-widget__width-initial elementor-widget-divider--view-line elementor-widget elementor-widget-divider\" data-id=\"f9ae0d4\" data-element_type=\"widget\" data-widget_type=\"divider.default\">\n\t\t\t\t<div class=\"elementor-widget-container\">\n\t\t\t\t\t<div class=\"elementor-divider\">\n\t\t\t<span class=\"elementor-divider-separator\">\n\t\t\t\t\t\t<\/span>\n\t\t<\/div>\n\t\t\t\t<\/div>\n\t\t\t\t<\/div>\n\t\t\t\t<\/div>\n\t\t\t\t<\/div>\n\t\t<div class=\"elementor-element elementor-element-4186eab e-con-full e-flex e-con e-child\" data-id=\"4186eab\" data-element_type=\"container\">\n\t\t<div class=\"elementor-element elementor-element-3454392 e-con-full e-flex e-con e-child\" data-id=\"3454392\" data-element_type=\"container\">\n\t\t\t\t<div class=\"elementor-element elementor-element-a842937 elementor-widget__width-initial elementor-widget elementor-widget-image\" data-id=\"a842937\" data-element_type=\"widget\" data-widget_type=\"image.default\">\n\t\t\t\t<div class=\"elementor-widget-container\">\n\t\t\t\t\t\t\t\t\t\t\t\t\t<img fetchpriority=\"high\" decoding=\"async\" width=\"460\" height=\"453\" src=\"https:\/\/ventilmanetti.ind.br\/wp-content\/uploads\/2024\/02\/maq-oring_foto.jpg\" class=\"attachment-large size-large wp-image-1582\" alt=\"M\u00e1quina de inserir oring\" srcset=\"https:\/\/ventilmanetti.ind.br\/wp-content\/uploads\/2024\/02\/maq-oring_foto.jpg 460w, https:\/\/ventilmanetti.ind.br\/wp-content\/uploads\/2024\/02\/maq-oring_foto-300x295.jpg 300w\" sizes=\"(max-width: 460px) 100vw, 460px\" \/>\t\t\t\t\t\t\t\t\t\t\t\t\t<\/div>\n\t\t\t\t<\/div>\n\t\t\t\t<\/div>\n\t\t<div class=\"elementor-element elementor-element-cb574bc e-con-full e-flex e-con e-child\" data-id=\"cb574bc\" data-element_type=\"container\">\n\t\t\t\t<div class=\"elementor-element elementor-element-bb912a7 elementor-widget__width-initial elementor-widget-tablet__width-initial elementor-widget-mobile__width-initial elementor-widget elementor-widget-text-editor\" data-id=\"bb912a7\" data-element_type=\"widget\" data-widget_type=\"text-editor.default\">\n\t\t\t\t<div class=\"elementor-widget-container\">\n\t\t\t\t\t\t\t<table border=\"0\" width=\"290\" cellspacing=\"2\" cellpadding=\"2\">\n<tbody>\n<tr>\n<th style=\"color: #000;\" colspan=\"2\" scope=\"col\" bgcolor=\"#999999\">Especifica\u00e7\u00f5es T\u00e9cnicas<\/th>\n<\/tr>\n<tr>\n<th class=\"td_cz_es\" style=\"color: #000;\" scope=\"row\" align=\"left\" bgcolor=\"#cccccc\">Peso<\/th>\n<td class=\"td_cz_cl\" style=\"color: #000;\" bgcolor=\"#e0e0e0\">1,8 Kg<\/td>\n<\/tr>\n<tr>\n<th class=\"td_cz_es\" style=\"color: #000;\" scope=\"row\" align=\"left\" bgcolor=\"#cccccc\">Press\u00e3o<\/th>\n<td class=\"td_cz_cl\" style=\"color: #000;\" bgcolor=\"#e0e0e0\">80 lbs +\/- 5 lbs<\/td>\n<\/tr>\n<tr>\n<th class=\"td_cz_es\" style=\"color: #000;\" scope=\"row\" align=\"left\" bgcolor=\"#cccccc\">Ponto de condensa\u00e7\u00e3o do ar<\/th>\n<td class=\"td_cz_cl\" style=\"color: #000;\" bgcolor=\"#e0e0e0\">+2\u00baC a +10\u00baC<\/td>\n<\/tr>\n<tr>\n<th class=\"td_cz_es\" style=\"color: #000;\" scope=\"row\" align=\"left\" bgcolor=\"#cccccc\">Dimens\u00f5es aprox.<\/th>\n<td class=\"td_cz_cl\" style=\"color: #000;\" bgcolor=\"#e0e0e0\">313x336x114 mm<\/td>\n<\/tr>\n<\/tbody>\n<\/table>\t\t\t\t\t\t<\/div>\n\t\t\t\t<\/div>\n\t\t\t\t<div class=\"elementor-element elementor-element-f4fe39e elementor-widget__width-initial elementor-widget-tablet__width-initial elementor-widget elementor-widget-text-editor\" data-id=\"f4fe39e\" data-element_type=\"widget\" data-widget_type=\"text-editor.default\">\n\t\t\t\t<div class=\"elementor-widget-container\">\n\t\t\t\t\t\t\t<p>As descri\u00e7\u00f5es de nossos produtos realizadas neste, s\u00e3o objetos de mudan\u00e7a pela Ind\u00fastria e Com\u00e9rcio de Equipamentos Ventil Manetti Ltda. a qualquer momento, sem pr\u00e9via notifica\u00e7\u00e3o.<\/p>\t\t\t\t\t\t<\/div>\n\t\t\t\t<\/div>\n\t\t\t\t<\/div>\n\t\t\t\t<\/div>\n\t\t\t\t\t<\/div>\n\t\t\t\t<\/div>\n\t\t\t\t<\/div>\n\t\t","protected":false},"excerpt":{"rendered":"<p>M\u00e1quina de inserir oring na v\u00e1lvula P-13 Especifica\u00e7\u00f5es T\u00e9cnicas Peso 1,8 Kg Press\u00e3o 80 lbs +\/- 5 lbs Ponto de condensa\u00e7\u00e3o do ar +2\u00baC a +10\u00baC Dimens\u00f5es aprox. 313x336x114 mm As descri\u00e7\u00f5es de nossos produtos realizadas neste, s\u00e3o objetos de mudan\u00e7a pela Ind\u00fastria e Com\u00e9rcio de Equipamentos Ventil Manetti Ltda. a qualquer momento, sem pr\u00e9via [&hellip;]<\/p>\n","protected":false},"author":1,"featured_media":0,"parent":0,"menu_order":0,"comment_status":"closed","ping_status":"closed","template":"","meta":{"_eb_attr":"","footnotes":""},"class_list":["post-1580","page","type-page","status-publish","hentry"],"_links":{"self":[{"href":"https:\/\/ventilmanetti.ind.br\/index.php\/wp-json\/wp\/v2\/pages\/1580"}],"collection":[{"href":"https:\/\/ventilmanetti.ind.br\/index.php\/wp-json\/wp\/v2\/pages"}],"about":[{"href":"https:\/\/ventilmanetti.ind.br\/index.php\/wp-json\/wp\/v2\/types\/page"}],"author":[{"embeddable":true,"href":"https:\/\/ventilmanetti.ind.br\/index.php\/wp-json\/wp\/v2\/users\/1"}],"replies":[{"embeddable":true,"href":"https:\/\/ventilmanetti.ind.br\/index.php\/wp-json\/wp\/v2\/comments?post=1580"}],"version-history":[{"count":160,"href":"https:\/\/ventilmanetti.ind.br\/index.php\/wp-json\/wp\/v2\/pages\/1580\/revisions"}],"predecessor-version":[{"id":2044,"href":"https:\/\/ventilmanetti.ind.br\/index.php\/wp-json\/wp\/v2\/pages\/1580\/revisions\/2044"}],"wp:attachment":[{"href":"https:\/\/ventilmanetti.ind.br\/index.php\/wp-json\/wp\/v2\/media?parent=1580"}],"curies":[{"name":"wp","href":"https:\/\/api.w.org\/{rel}","templated":true}]}}