{"id":2708,"date":"2024-03-09T18:01:14","date_gmt":"2024-03-09T18:01:14","guid":{"rendered":"https:\/\/ventilmanetti.ind.br\/?page_id=2708"},"modified":"2024-03-18T12:47:00","modified_gmt":"2024-03-18T12:47:00","slug":"engate-macho-p-20-copy","status":"publish","type":"page","link":"https:\/\/ventilmanetti.ind.br\/index.php\/engate-macho-p-20-copy\/","title":{"rendered":"V\u00e1lvula P-13"},"content":{"rendered":"\t\t<div data-elementor-type=\"wp-page\" data-elementor-id=\"2708\" class=\"elementor elementor-2708\">\n\t\t\t\t<div class=\"elementor-element elementor-element-8bed1e1 e-flex e-con-boxed e-con e-parent\" data-id=\"8bed1e1\" data-element_type=\"container\">\n\t\t\t\t\t<div class=\"e-con-inner\">\n\t\t<div class=\"elementor-element elementor-element-d0a3078 e-flex e-con-boxed e-con e-child\" data-id=\"d0a3078\" data-element_type=\"container\">\n\t\t\t\t\t<div class=\"e-con-inner\">\n\t\t<div class=\"elementor-element elementor-element-58c08e0 e-con-full e-flex e-con e-child\" data-id=\"58c08e0\" data-element_type=\"container\">\n\t\t\t\t<div class=\"elementor-element elementor-element-470a424 elementor-widget__width-initial elementor-widget elementor-widget-heading\" data-id=\"470a424\" data-element_type=\"widget\" data-widget_type=\"heading.default\">\n\t\t\t\t<div class=\"elementor-widget-container\">\n\t\t\t<h2 class=\"elementor-heading-title elementor-size-default\">V\u00e1lvula P-13<\/h2>\t\t<\/div>\n\t\t\t\t<\/div>\n\t\t\t\t<div class=\"elementor-element elementor-element-f9ae0d4 elementor-widget__width-initial elementor-widget-divider--view-line elementor-widget elementor-widget-divider\" data-id=\"f9ae0d4\" data-element_type=\"widget\" data-widget_type=\"divider.default\">\n\t\t\t\t<div class=\"elementor-widget-container\">\n\t\t\t\t\t<div class=\"elementor-divider\">\n\t\t\t<span class=\"elementor-divider-separator\">\n\t\t\t\t\t\t<\/span>\n\t\t<\/div>\n\t\t\t\t<\/div>\n\t\t\t\t<\/div>\n\t\t\t\t<\/div>\n\t\t\t\t\t<\/div>\n\t\t\t\t<\/div>\n\t\t<div class=\"elementor-element elementor-element-4186eab e-flex e-con-boxed e-con e-child\" data-id=\"4186eab\" data-element_type=\"container\">\n\t\t\t\t\t<div class=\"e-con-inner\">\n\t\t<div class=\"elementor-element elementor-element-3454392 e-con-full e-flex e-con e-child\" data-id=\"3454392\" data-element_type=\"container\">\n\t\t\t\t<div class=\"elementor-element elementor-element-a842937 elementor-widget__width-initial elementor-widget elementor-widget-image\" data-id=\"a842937\" data-element_type=\"widget\" data-widget_type=\"image.default\">\n\t\t\t\t<div class=\"elementor-widget-container\">\n\t\t\t\t\t\t\t\t\t\t\t\t\t<img fetchpriority=\"high\" decoding=\"async\" width=\"800\" height=\"856\" src=\"https:\/\/ventilmanetti.ind.br\/wp-content\/uploads\/2024\/02\/Valv_P-13-1.jpg\" class=\"attachment-1536x1536 size-1536x1536 wp-image-1277\" alt=\"\" srcset=\"https:\/\/ventilmanetti.ind.br\/wp-content\/uploads\/2024\/02\/Valv_P-13-1.jpg 800w, https:\/\/ventilmanetti.ind.br\/wp-content\/uploads\/2024\/02\/Valv_P-13-1-280x300.jpg 280w, https:\/\/ventilmanetti.ind.br\/wp-content\/uploads\/2024\/02\/Valv_P-13-1-768x822.jpg 768w, https:\/\/ventilmanetti.ind.br\/wp-content\/uploads\/2024\/02\/elementor\/thumbs\/Valv_P-13-1-qk3rwhzz14dldg3xqbtdd4ihjsoxr9m7phmncim660.jpg 640w, https:\/\/ventilmanetti.ind.br\/wp-content\/uploads\/2024\/02\/elementor\/thumbs\/Valv_P-13-1-qk3rwhzxt9l4bvqi438q95d0vvzm3wd41jutut2wei.jpg 540w, https:\/\/ventilmanetti.ind.br\/wp-content\/uploads\/2024\/02\/elementor\/thumbs\/Valv_P-13-1-qk3rwhzwlesnabd2huo3567k7zaagj40dm30d3jmn0.jpg 440w, https:\/\/ventilmanetti.ind.br\/wp-content\/uploads\/2024\/02\/elementor\/thumbs\/Valv_P-13-1-qk3rwhzw3va28dr38rjrq75m7615kidwdfc6nvmfug.jpg 400w, https:\/\/ventilmanetti.ind.br\/wp-content\/uploads\/2024\/02\/elementor\/thumbs\/Valv_P-13-1-qk3rwhzvv3irpey3m7zm0pmn6rel4i0udbyrt9nug6.jpg 380w, https:\/\/ventilmanetti.ind.br\/wp-content\/uploads\/2024\/02\/elementor\/thumbs\/Valv_P-13-1-qk3rwhzuw0hl6tdnmiz4m805j9btx54sphkd66362y.jpg 300w, https:\/\/ventilmanetti.ind.br\/wp-content\/uploads\/2024\/02\/elementor\/thumbs\/Valv_P-13-1-qk3rwhzvhxvtlwz929khj2p8gqsddzwe4l833ux89o.jpg 350w\" sizes=\"(max-width: 800px) 100vw, 800px\" \/>\t\t\t\t\t\t\t\t\t\t\t\t\t<\/div>\n\t\t\t\t<\/div>\n\t\t\t\t<\/div>\n\t\t<div class=\"elementor-element elementor-element-cb574bc e-con-full e-flex e-con e-child\" data-id=\"cb574bc\" data-element_type=\"container\">\n\t\t\t\t<div class=\"elementor-element elementor-element-1c5a026 elementor-widget elementor-widget-text-editor\" data-id=\"1c5a026\" data-element_type=\"widget\" data-widget_type=\"text-editor.default\">\n\t\t\t\t<div class=\"elementor-widget-container\">\n\t\t\t\t\t\t\t<table>\n<tbody>\n\n<tr style=\"display: table-row;\">\n<td bgcolor=\"#cccccc\" align=\"center\">8<\/td>\n<td bgcolor=\"#cccccc\" align=\"center\">1<\/td>\n<td bgcolor=\"#cccccc\">286N-J<\/td>\n<td bgcolor=\"#cccccc\">GUARNI\u00c7\u00c3O<\/td>\n<td bgcolor=\"#cccccc\">BR. NITR\u00cdLICA<\/td>\n<\/tr>\n<tr style=\"display: table-row;\">\n<td bgcolor=\"#acacac\" align=\"center\">7<\/td>\n<td bgcolor=\"#acacac\" align=\"center\">1<\/td>\n<td bgcolor=\"#acacac\">286N-G<\/td>\n<td bgcolor=\"#acacac\">GUIA DO PORTA VEDA\u00c7\u00c3O<\/td>\n<td bgcolor=\"#acacac\">LAT\u00c3O<\/td>\n<\/tr>\n\n<tr style=\"display: table-row;\">\n<td bgcolor=\"#cccccc\" align=\"center\">6<\/td>\n<td bgcolor=\"#cccccc\" align=\"center\">1<\/td>\n<td bgcolor=\"#cccccc\">286N-F<\/td>\n<td bgcolor=\"#cccccc\">MOLA<\/td>\n<td bgcolor=\"#cccccc\">A\u00c7O<\/td>\n<\/tr>\n<tr style=\"display: table-row;\">\n<td bgcolor=\"#acacac\" align=\"center\">5<\/td>\n<td bgcolor=\"#acacac\" align=\"center\">1<\/td>\n<td bgcolor=\"#acacac\">286H-A<\/td>\n<td bgcolor=\"#acacac\">CORPO<\/td>\n<td bgcolor=\"#acacac\">LAT\u00c3O<\/td>\n<\/tr>\n<tr style=\"display: table-row;\">\n<td bgcolor=\"#cccccc\" align=\"center\">4<\/td>\n<td bgcolor=\"#cccccc\" align=\"center\">1<\/td>\n<td bgcolor=\"#cccccc\">286N-H<\/td>\n<td bgcolor=\"#cccccc\">PORTA VEDA\u00c7\u00c3O<\/td>\n<td bgcolor=\"#cccccc\">LAT\u00c3O<\/td>\n<\/tr>\n<tr style=\"display: table-row;\">\n<td bgcolor=\"#acacac\" align=\"center\">3<\/td>\n<td bgcolor=\"#acacac\" align=\"center\">1<\/td>\n<td bgcolor=\"#acacac\">286N-E<\/td>\n<td bgcolor=\"#acacac\">GUARNI\u00c7\u00c3O DO PORTA VEDA\u00c7\u00c3O<\/td>\n<td bgcolor=\"#acacac\">BR. NITR\u00cdLICA<\/td>\n<\/tr>\n<tr style=\"display: table-row;\">\n<td bgcolor=\"#cccccc\" align=\"center\">2<\/td>\n<td bgcolor=\"#cccccc\" align=\"center\">1<\/td>\n<td bgcolor=\"#cccccc\">286N-D<\/td>\n<td bgcolor=\"#cccccc\">ARRUELA<\/td>\n<td bgcolor=\"#cccccc\">LAT\u00c3O<\/td>\n<\/tr>\n<tr style=\"display: table-row;\">\n<td bgcolor=\"#acacac\" align=\"center\">1<\/td>\n<td bgcolor=\"#acacac\" align=\"center\">1<\/td>\n<td bgcolor=\"#acacac\">286N-C<\/td>\n<td bgcolor=\"#acacac\">PARAFUSO DO PORTA VEDA\u00c7\u00c3O<\/td>\n<td bgcolor=\"#acacac\">LAT\u00c3O<\/td>\n<\/tr>\n<tr style=\"display: table-row;\">\n<th bgcolor=\"#999999\">ITEM<\/th>\n<th bgcolor=\"#999999\">QT.<\/th>\n<th bgcolor=\"#999999\">DES. N\u00ba.<\/th>\n<th bgcolor=\"#999999\">DESCRI\u00c7\u00c3O<\/th>\n<th bgcolor=\"#999999\">MATERIAL<\/th>\n<\/tr>\n<\/tbody>\n\n<\/table>\n\t\t\t\t\t\t<\/div>\n\t\t\t\t<\/div>\n\t\t\t\t<\/div>\n\t\t\t\t\t<\/div>\n\t\t\t\t<\/div>\n\t\t\t\t\t<\/div>\n\t\t\t\t<\/div>\n\t\t\t\t<\/div>\n\t\t","protected":false},"excerpt":{"rendered":"<p>V\u00e1lvula P-13 8 1 286N-J GUARNI\u00c7\u00c3O BR. NITR\u00cdLICA 7 1 286N-G GUIA DO PORTA VEDA\u00c7\u00c3O LAT\u00c3O 6 1 286N-F MOLA A\u00c7O 5 1 286H-A CORPO LAT\u00c3O 4 1 286N-H PORTA VEDA\u00c7\u00c3O LAT\u00c3O 3 1 286N-E GUARNI\u00c7\u00c3O DO PORTA VEDA\u00c7\u00c3O BR. NITR\u00cdLICA 2 1 286N-D ARRUELA LAT\u00c3O 1 1 286N-C PARAFUSO DO PORTA VEDA\u00c7\u00c3O LAT\u00c3O ITEM [&hellip;]<\/p>\n","protected":false},"author":1,"featured_media":0,"parent":0,"menu_order":0,"comment_status":"closed","ping_status":"closed","template":"","meta":{"_eb_attr":"","footnotes":""},"class_list":["post-2708","page","type-page","status-publish","hentry"],"_links":{"self":[{"href":"https:\/\/ventilmanetti.ind.br\/index.php\/wp-json\/wp\/v2\/pages\/2708"}],"collection":[{"href":"https:\/\/ventilmanetti.ind.br\/index.php\/wp-json\/wp\/v2\/pages"}],"about":[{"href":"https:\/\/ventilmanetti.ind.br\/index.php\/wp-json\/wp\/v2\/types\/page"}],"author":[{"embeddable":true,"href":"https:\/\/ventilmanetti.ind.br\/index.php\/wp-json\/wp\/v2\/users\/1"}],"replies":[{"embeddable":true,"href":"https:\/\/ventilmanetti.ind.br\/index.php\/wp-json\/wp\/v2\/comments?post=2708"}],"version-history":[{"count":26,"href":"https:\/\/ventilmanetti.ind.br\/index.php\/wp-json\/wp\/v2\/pages\/2708\/revisions"}],"predecessor-version":[{"id":3080,"href":"https:\/\/ventilmanetti.ind.br\/index.php\/wp-json\/wp\/v2\/pages\/2708\/revisions\/3080"}],"wp:attachment":[{"href":"https:\/\/ventilmanetti.ind.br\/index.php\/wp-json\/wp\/v2\/media?parent=2708"}],"curies":[{"name":"wp","href":"https:\/\/api.w.org\/{rel}","templated":true}]}}